e d(-6). Suppose 4*l + 24 = w*u, -9*l + 4*l - 18 = u. What is the units digit of u?
2
Let q = 12 + 0. Suppose -5*h - q + 77 = 0. What is the tens digit of h?
1
Suppose 0 = -4*p - 12, -3*h - 3*p - 2 = 1. Suppose -6 = -5*x + v + 7, -v = h*x - 8. What is the units digit of x?
3
Suppose -6*g - 30 = -7*g. Let o = -15 + g. What is the units digit of o?
5
Suppose 2*u - 5*t + 16 + 0 = 0, -20 = -2*u - 4*t. Suppose -3*k = u*x - 13, -x + 3 = 4*k - 1. What is the units digit of x?
8
Suppose 5*f - 2*f = 0. Suppose -12 = -2*i - i. Suppose f = i*w - 2*w - 4. What is the units digit of w?
2
Let o be 3*(0 + -1)*1. Let j(n) = n**3 - 3*n**2 - 3*n - 9. Let a be j(4). Let z = o - a. What is the units digit of z?
2
Let y(t) = t**2 - 8*t - 7. Let w be y(10). Suppose -3*g + 2*r + 16 = -g, -w = -g + 2*r. What is the units digit of g?
3
Suppose -w = 3*r - 22, -2*w + 2*r + 38 = -30. What is the tens digit of (w/3)/(17/51)?
3
Let s = -203 - -323. What is the units digit of s?
0
Suppose 5*r + 5*x = 65, 0 = 4*r + 5*x - 4*x - 55. Let d = 2 - r. Let z = 21 + d. What is the units digit of z?
9
What is the tens digit of 3388/21 - (0 + (-4)/6)?
6
Let d = -59 - -115. What is the tens digit of d?
5
Suppose 15 = 2*i - 3*x, 0*i + 4*x + 18 = 2*i. What is the units digit of i?
3
Suppose 5*y + 5*w = 281 + 64, -2*y = 5*w - 135. Let m = y + -45. What is the units digit of m?
5
Suppose -2197 = 3*m - 16*m. What is the units digit of m?
9
Let q be 6/(-21) + (-32)/(-14). Suppose 4*x + 18 + q = 0. What is the units digit of 6*(-1 + x/(-2))?
9
Let g be ((-2)/(-3))/(2/42). Let d = g - 3. What is the tens digit of d?
1
Suppose 22 = -3*f + 5*f - 2*l, -7 = -f - 3*l. Let k be (-6)/9 + f/6. Suppose m - k = w, -m + w + 4*w + 1 = 0. What is the units digit of m?
1
Suppose 4*j - 12 = -0*j. Let b be 1/j - (-80)/(-15). What is the units digit of ((-21)/4)/(b/20)?
1
Suppose 4*s = 12, l = 2*l + 3*s - 6. Let r = l - -8. Let h = r + 2. What is the units digit of h?
7
Let y be 2/(-10) - (-121)/5. Let s = y - -2. What is the units digit of s?
6
Let u(k) = 24*k**2 - 11*k. What is the tens digit of u(-4)?
2
Suppose 39 = 5*l + 4. Suppose -17 = -4*q + l. What is the units digit of q?
6
Suppose 4*k - 136 - 76 = 0. What is the units digit of k?
3
Suppose 10*o - 9*o - 105 = 0. What is the hundreds digit of o?
1
Let g be (3 - 9)*(-8)/(-6). Let y = g - -13. What is the units digit of ((-2)/y)/(3/(-15))?
2
Let p = -4 + 58. What is the tens digit of p?
5
Let b(j) = 1 + 8*j - 4*j**2 - 2 + 3*j**2. Let k be b(4). What is the units digit of 5/k*1*39?
3
Suppose -7*g + g + 1524 = 0. What is the tens digit of g?
5
Suppose 9*l - 6*l - 171 = 0. What is the tens digit of l?
5
Suppose -55 = -6*p + 59. What is the tens digit of p?
1
Let h = -12 + 5. Let w(p) = p**3 + 7*p**2 - p - 6. Let z be w(h). Let f = z - -2. What is the units digit of f?
3
Let m be (-3)/9 - 70/6. What is the units digit of (-47)/(-4) + (-3)/m?
2
Suppose -2*i - 260 = -3*g + 486, -g - i = -252. What is the tens digit of g?
5
Let k be 2/(-5) - 66/10. Suppose -a = q - 3*a + 7, -23 = 5*q - 4*a. What is the units digit of (k/(-3))/(q/(-9))?
7
Suppose 0 = 3*r + 3*a - 87, r + 19 - 51 = -2*a. What is the units digit of r?
6
Let k(y) = -y**3 + 15*y**2 - 26*y. What is the units digit of k(9)?
2
Suppose -3*v + 39 = -f, -f + 26 = 2*v - 0*f. Suppose -5*c = -5*t - 15 - 5, 2*t = -3*c - 3. Let x = v + t. What is the tens digit of x?
1
Let b be (2 - 2)/1 + 2. Suppose -13*k = -12*k - 3. Suppose -26 = k*o - 5*o - b*n, 2*o - 4*n - 38 = 0. What is the units digit of o?
5
Suppose 2*m - 4 = m. Let a = 11 - m. What is the units digit of a?
7
Suppose -66*p + 70*p = 392. What is the tens digit of p?
9
Suppose -3*k = -18 + 6. Let m = k - 7. What is the units digit of (m - -2)/((-1)/11)?
1
Suppose 16 = 2*n - 82. Let m be (0 + -6)*(-288)/(-54). Let i = m + n. What is the units digit of i?
7
Let a = 3 + -3. Let c(u) = -2*u + a*u + 6*u. What is the units digit of c(2)?
8
Suppose -p = 5*x - 3*x - 2, 4*p + 19 = x. What is the tens digit of (-15)/(x/(-2 + -1))?
1
Let j = 186 + -55. What is the hundreds digit of j?
1
Suppose -3*l - 2*i = -16, -2 = 6*l - 2*l - 2*i. Let c(s) = -s + s**3 - 4*s - 4*s**l + 8*s**2 + 5. What is the units digit of c(-5)?
5
Suppose -129 - 993 = 3*a. Let z = 128 + a. What is the tens digit of 1/3 + z/(-18)?
1
Suppose v = -4*v + 2*q + 28, -2*q - 4 = v. Suppose -4 = v*l - o, 0*l = 3*l + 5*o - 20. Let s(n) = -n**3 + 14. What is the tens digit of s(l)?
1
What is the tens digit of (-896)/(-35) + 6/15?
2
Let t = -2 - 4. What is the units digit of 120/9 - (-2)/t?
3
Suppose -3*i = -l - 25, 3*l + 0*l = -3. Suppose 5*z - i = 12. What is the units digit of z?
4
Suppose r = -d + 2*r + 76, 4*d - 2*r - 298 = 0. What is the tens digit of d?
7
Suppose 4 = y + k + 1, 2*k = -4. What is the units digit of y?
5
Let b be 54*(-1)/((-3)/2). Suppose -4*v + 144 = 2*w, -v - w + b = w. What is the units digit of v?
6
Suppose 0 = 4*q - 8 + 20. Let h(s) = -4*s - 1. What is the units digit of h(q)?
1
Let p(a) = -a**3 + 6*a**2 - 2*a + 5. Suppose 4 = 5*q - 26. Let s be p(q). Let k(n) = -n + 2. What is the units digit of k(s)?
9
Let v = -15 + 17. Suppose o = -0*o - 5*y + 38, -2*o - v*y = -68. What is the units digit of o?
3
Let d(f) = f**3 - 6*f**2 + 7*f + 10. What is the tens digit of d(7)?
0
Let v(f) = -2*f + 1. Let s = 11 - 15. What is the units digit of v(s)?
9
Suppose -2*q = -2*f - q + 104, -5*q - 52 = -f. What is the tens digit of f?
5
Suppose 0 = 5*o + 66 - 221. What is the units digit of o?
1
Suppose -4*m + 5*u = -79 - 23, 3*m = -5*u + 59. What is the tens digit of m?
2
Let z = 10 + -6. Suppose 0 = 3*w + g + z*g - 12, 0 = -4*g. What is the units digit of w?
4
Let l = -2 + 7. Suppose -5*o + 99 = 2*g, 2 = l*o - 3. What is the units digit of g?
7
What is the units digit of (-33)/(-4) + (-2)/8?
8
Let m = 62 - 21. What is the tens digit of m?
4
Let w(r) = -7*r - 6. Let m be w(6). Let b = 99 + m. What is the tens digit of b?
5
Suppose d = -4*d + 20. Suppose -6 = -d*t + 2*t. What is the units digit of t?
3
Suppose -5*a + 2*k + 338 = 0, 5*a - 2*k + 4*k = 322. What is the units digit of a?
6
Let l = -17 + 155. What is the units digit of l?
8
Let g(i) = -i**3 + 3*i**2 - 2*i + 2. Let o be g(2). Suppose 0 = o*p - 0*p. Suppose -5*q + 139 - 39 = p. What is the units digit of q?
0
Let g = 7 + -4. What is the units digit of (-3)/((-9)/(-3)) + g?
2
Let r be -6*(-4)/8 - 5. What is the units digit of -2 + r*-2*4?
4
Let l(r) = r**2 - 5*r + 4. Let k = 8 - 3. What is the units digit of l(k)?
4
Let p = -7 - -11. Suppose -4*b + 6 - 18 = -p*s, -3*s + 12 = -4*b. Suppose -x + 3 + 3 = s. What is the units digit of x?
6
Let n = 23 + -19. Suppose -48 = -n*j + 12. What is the tens digit of j?
1
Suppose -9*l + 674 = -1. What is the units digit of l?
5
Let k(r) = 7*r - 1. Let b(l) = 2*l. Let q(h) = 18*b(h) - 4*k(h). What is the tens digit of q(2)?
2
Suppose -2*n - a = -9, -3*n - 3*a = -7*a + 3. Suppose -2*r + n*w = w - 34, -98 = -4*r - 2*w. What is the tens digit of r?
2
Let o be (-34)/6 - (-4)/(-12). Suppose -5*u = -s + 4*s + 14, 0 = 4*s + u - 4. What is the units digit of 8 + s*(-3)/o?
9
Suppose -5*n + 249 = -j, 6 + 2 = -2*j. What is the units digit of n?
9
Let q(v) = -v**3 - 3*v**2 - 2*v. Let m be q(-4). Suppose -2*a + m = 2*a. What is the units digit of a?
6
Let g be ((-4)/6)/(2/30). Let a = 4 + -3. What is the units digit of g/(-3) - a/3?
3
Let y = -1 - 2. Let w = y - -33. What is the units digit of w?
0
Let o = 7 + -2. Suppose 3*u + u = 4*l - 12, 14 = o*l - 4*u. Suppose -4*f = 3*j + 4, -l*f + j = -10 + 2. What is the units digit of f?
2
Let u = 194 + 18. What is the tens digit of u?
1
Suppose z + 2*z - 12 = 0. What is the units digit of ((-30)/4)/((-3)/z)?
0
Let w = 135 + -82. What is the tens digit of w?
5
Let t(j) = -j**2 + 7*j - 3. Let r(b) = 2*b - 3. Let i be r(4). What is the units digit of t(i)?
7
What is the units digit of ((-10192)/6)/(-8) + (-2)/6?
2
Let s(p) = 181*p**2 + 6*p + 5. What is the units digit of s(-1)?
0
Let h(v) = -30*v. Let x be h(-2). Let b = -33 + x. What is the tens digit of b?
2
Let v(k) = -k**3 - 10*k**2 - 6*k - 15. What is the tens digit of v(-10)?
4
What is the units digit of (2 + -4)/((-8)/24)?
6
Suppose -4*p = -5*p + 18. What is the tens digit of p?
1
Suppose -4*s - 20 = j, -2*s + 2 = -